{"id":623,"date":"2026-01-26T14:21:16","date_gmt":"2026-01-26T14:21:16","guid":{"rendered":"https:\/\/www.moulin-patrimoine-industriel.com\/?page_id=623"},"modified":"2026-04-20T06:55:54","modified_gmt":"2026-04-20T06:55:54","slug":"descriptif-detaille","status":"publish","type":"page","link":"https:\/\/www.moulin-patrimoine-industriel.com\/?page_id=623","title":{"rendered":"DESCRIPTIF d\u00e9taill\u00e9"},"content":{"rendered":"<div class=\"wp-block-image\">\n<figure class=\"aligncenter size-medium\"><img loading=\"lazy\" decoding=\"async\" width=\"300\" height=\"200\" src=\"https:\/\/www.moulin-patrimoine-industriel.com\/wp-content\/uploads\/2025\/04\/faune-locale-300x200.jpg\" alt=\"\" class=\"wp-image-60\" srcset=\"https:\/\/www.moulin-patrimoine-industriel.com\/wp-content\/uploads\/2025\/04\/faune-locale-300x200.jpg 300w, https:\/\/www.moulin-patrimoine-industriel.com\/wp-content\/uploads\/2025\/04\/faune-locale-1024x681.jpg 1024w, https:\/\/www.moulin-patrimoine-industriel.com\/wp-content\/uploads\/2025\/04\/faune-locale-768x511.jpg 768w, https:\/\/www.moulin-patrimoine-industriel.com\/wp-content\/uploads\/2025\/04\/faune-locale-1536x1021.jpg 1536w, https:\/\/www.moulin-patrimoine-industriel.com\/wp-content\/uploads\/2025\/04\/faune-locale-2048x1362.jpg 2048w\" sizes=\"auto, (max-width: 300px) 100vw, 300px\" \/><\/figure>\n<\/div>\n\n\n<h1 class=\"wp-block-heading has-text-align-center\"><strong>Minoterie historique et ses habitations, d\u00e9pendances et cadre d&rsquo;exception<\/strong><\/h1>\n\n\n\n<p style=\"font-size:15px\">D\u00e9couvrez un ensemble immobilier d&rsquo;exception rare sur le march\u00e9, par l&rsquo;authenticit\u00e9 de ses \u00e9l\u00e9ments industriels conserv\u00e9s et sa roue en \u00e9tat de marche. Cette ancienne minoterie est fond\u00e9e en titre avec droits d&rsquo;eau, remani\u00e9e au d\u00e9but du XX \u00e8me sur une base historique du XVII \u00e8me et inscrite au patrimoine industriel (possibilit\u00e9 de le classer ou non).<\/p>\n\n\n\n<p style=\"font-size:15px\"><strong>Production d&rsquo;\u00e9lectricit\u00e9 :<\/strong> possible et d\u00e9j\u00e0 en grande partie install\u00e9e.<\/p>\n\n\n\n<p><strong>UN ENVIRONNEMENT PRIVIL\u00c9GI\u00c9 ET PROT\u00c9G\u00c9<\/strong><\/p>\n\n\n\n<p style=\"font-size:15px\"><strong>Le terrain de 3785 m2<\/strong> (arbres centenaires, \u00eel\u00f4ts, bambouseraies) au coeur de la vall\u00e9e verdoyante de la S\u00e8vre Niortaise, offre un paysage bucolique sauvage, propice \u00e0 se ressourcer en toutes saisons, o\u00f9 la biodiversit\u00e9 y est pr\u00e9serv\u00e9e par une gestion durable depuis plusieurs d\u00e9cennies.<\/p>\n\n\n\n<p style=\"font-size:15px\">Une architecture de caract\u00e8re dans un environnement remarquable, en amont du Marais Poitevin.<\/p>\n\n\n\n<ul class=\"wp-block-list\">\n<li>Aucune nuisance possible du fait de la zone prot\u00e9g\u00e9e<\/li>\n\n\n\n<li>Acc\u00e8s direct \u00e0 un parcours f\u00e9\u00e9rique sur la rivi\u00e8re, et sentiers de randonn\u00e9e au d\u00e9part du moulin<\/li>\n\n\n\n<li>Exposition id\u00e9ale : <strong>Est \/ Sud-Est  &#8211;  Sud \/ Sud-Ouest<\/strong><\/li>\n<\/ul>\n\n\n\n<h3 class=\"wp-block-heading\">PROPRI\u00c9T\u00c9 DE CARACT\u00c8RE : <\/h3>\n\n\n\n<p class=\"has-text-align-left\"><strong>355 m2 habitables &#8211; en partie \u00e0 rafra\u00eechir + 643 m2 de d\u00e9pendances dont moulin 370 m2<\/strong><\/p>\n\n\n\n<ul class=\"wp-block-list\">\n<li style=\"font-size:15px\"><strong>La minoterie &#8211; 370 m2 sur 4 niveaux<\/strong> &#8211; \u00c0 restaurer. Architecture embl\u00e9matique de la R\u00e9volution industrielle, m\u00e9canismes conserv\u00e9s comme un v\u00e9ritable mus\u00e9e vivant.<\/li>\n<\/ul>\n\n\n\n<p><\/p>\n\n\n\n<ul class=\"wp-block-list\">\n<li><strong>Logement principal &#8211; 268 m2<\/strong> &#8211; Style mixte : industriel \u00e0 rafra\u00eechir + charme cosy du XIX \u00e8me :<\/li>\n<\/ul>\n\n\n\n<figure class=\"wp-block-gallery has-nested-images columns-default is-cropped wp-block-gallery-1 is-layout-flex wp-block-gallery-is-layout-flex\">\n<figure class=\"wp-block-image size-large\"><img loading=\"lazy\" decoding=\"async\" width=\"1024\" height=\"576\" data-id=\"535\" src=\"https:\/\/www.moulin-patrimoine-industriel.com\/wp-content\/uploads\/2025\/11\/IMG_4155-1024x576.jpeg\" alt=\"\" class=\"wp-image-535\" srcset=\"https:\/\/www.moulin-patrimoine-industriel.com\/wp-content\/uploads\/2025\/11\/IMG_4155-1024x576.jpeg 1024w, https:\/\/www.moulin-patrimoine-industriel.com\/wp-content\/uploads\/2025\/11\/IMG_4155-300x169.jpeg 300w, https:\/\/www.moulin-patrimoine-industriel.com\/wp-content\/uploads\/2025\/11\/IMG_4155-768x432.jpeg 768w, https:\/\/www.moulin-patrimoine-industriel.com\/wp-content\/uploads\/2025\/11\/IMG_4155-1536x864.jpeg 1536w, https:\/\/www.moulin-patrimoine-industriel.com\/wp-content\/uploads\/2025\/11\/IMG_4155-2048x1152.jpeg 2048w\" sizes=\"auto, (max-width: 1024px) 100vw, 1024px\" \/><\/figure>\n\n\n\n<figure class=\"wp-block-image size-large\"><img loading=\"lazy\" decoding=\"async\" width=\"1024\" height=\"576\" data-id=\"543\" src=\"https:\/\/www.moulin-patrimoine-industriel.com\/wp-content\/uploads\/2025\/11\/piece-de-vie-7-1024x576.jpeg\" alt=\"\" class=\"wp-image-543\" srcset=\"https:\/\/www.moulin-patrimoine-industriel.com\/wp-content\/uploads\/2025\/11\/piece-de-vie-7-1024x576.jpeg 1024w, https:\/\/www.moulin-patrimoine-industriel.com\/wp-content\/uploads\/2025\/11\/piece-de-vie-7-300x169.jpeg 300w, https:\/\/www.moulin-patrimoine-industriel.com\/wp-content\/uploads\/2025\/11\/piece-de-vie-7-768x432.jpeg 768w, https:\/\/www.moulin-patrimoine-industriel.com\/wp-content\/uploads\/2025\/11\/piece-de-vie-7-1536x864.jpeg 1536w, https:\/\/www.moulin-patrimoine-industriel.com\/wp-content\/uploads\/2025\/11\/piece-de-vie-7-2048x1152.jpeg 2048w\" sizes=\"auto, (max-width: 1024px) 100vw, 1024px\" \/><\/figure>\n<\/figure>\n\n\n\n<ul class=\"wp-block-list\">\n<li>RDC : 4 pi\u00e8ces de vie dont cuisine<\/li>\n\n\n\n<li>1er \u00e9tage : 3 grandes chambres + 3 salles d&rsquo;eau<\/li>\n\n\n\n<li>2\u00e8me \u00e9tage : tr\u00e8s grande chambre + lingerie + grenier non am\u00e9nag\u00e9<\/li>\n<\/ul>\n\n\n\n<p><\/p>\n\n\n\n<ul class=\"wp-block-list\">\n<li><strong>Le g\u00eete &#8211; 87 m2<\/strong>   &#8211;  Id\u00e9al pour un accueil familial ou une activit\u00e9 touristique cl\u00e9 en main<\/li>\n<\/ul>\n\n\n\n<p><\/p>\n\n\n\n<ul class=\"wp-block-list\">\n<li><strong>D\u00e9pendances &#8211; 643 m2<\/strong> au total (incluant la minoterie)  &#8211;  Immense potentiel d&rsquo;am\u00e9nagements (ateliers, espaces \u00e9v\u00e8nementiels, extensions touristiques&#8230;)<\/li>\n<\/ul>\n\n\n\n<h3 class=\"wp-block-heading\">\u00c9QUIPEMENTS &amp; CONFORT<\/h3>\n\n\n\n<ul class=\"wp-block-list\">\n<li>Chauffage gaz de ville (chaudi\u00e8re tr\u00e8s r\u00e9cente) + po\u00eale \u00e0 bois<\/li>\n\n\n\n<li>Tout \u00e0 l&rsquo;\u00e9gout<\/li>\n\n\n\n<li>Fibre internet<\/li>\n\n\n\n<li>Sauna<\/li>\n\n\n\n<li>2 compteurs gaz \u00e0 l&rsquo;entr\u00e9e de la propri\u00e9t\u00e9<\/li>\n<\/ul>\n\n\n\n<h3 class=\"wp-block-heading\">LOCALISATION STRAT\u00c9GIQUE<\/h3>\n\n\n\n<p>En pleine nature mais <strong>tous services et commerces \u00e0 2 km<\/strong><\/p>\n\n\n\n<p>\u00c0 seulement <strong>10 minutes de Niort, 4 \u00e8me place financi\u00e8re de France, <\/strong>zone dynamique au fort pouvoir d&rsquo;achat, une opportunit\u00e9 pour les commerces et prestations de services<\/p>\n\n\n\n<p style=\"font-size:14px\">Cet ensemble immobilier est adapt\u00e9 pour abriter aussi bien votre vie priv\u00e9e que votre activit\u00e9 professionnelle<\/p>\n\n\n\n<h3 class=\"wp-block-heading\">ACC\u00c8S :<\/h3>\n\n\n\n<ul class=\"wp-block-list\">\n<li><strong>Gare TGV Niort &#8211; Paris Montparnasse en 1 h 50<\/strong><\/li>\n\n\n\n<li><strong>Autoroutes A 10 \/ A 83 \u00e0 5 minutes \/ Paris 4 h<\/strong><\/li>\n\n\n\n<li>La Rochelle 50 minutes<\/li>\n\n\n\n<li>Poitiers 40 minutes<\/li>\n\n\n\n<li>Marais Poitevin 22 minutes<\/li>\n<\/ul>\n\n\n\n<p><\/p>\n","protected":false},"excerpt":{"rendered":"<p>Minoterie historique et ses habitations, d\u00e9pendances et cadre d&rsquo;exception D\u00e9couvrez un ensemble immobilier d&rsquo;exception rare sur le march\u00e9, par l&rsquo;authenticit\u00e9 de ses \u00e9l\u00e9ments industriels conserv\u00e9s et sa roue en \u00e9tat de marche. Cette ancienne minoterie est fond\u00e9e en titre avec droits d&rsquo;eau, remani\u00e9e au d\u00e9but du XX \u00e8me sur une base historique du XVII \u00e8me &hellip; <a href=\"https:\/\/www.moulin-patrimoine-industriel.com\/?page_id=623\" class=\"more-link\">Continuer la lecture de <span class=\"screen-reader-text\">DESCRIPTIF d\u00e9taill\u00e9<\/span>  <span class=\"meta-nav\">&rarr;<\/span><\/a><\/p>\n","protected":false},"author":1,"featured_media":0,"parent":0,"menu_order":0,"comment_status":"closed","ping_status":"closed","template":"","meta":{"footnotes":""},"class_list":["post-623","page","type-page","status-publish","hentry"],"_links":{"self":[{"href":"https:\/\/www.moulin-patrimoine-industriel.com\/index.php?rest_route=\/wp\/v2\/pages\/623","targetHints":{"allow":["GET"]}}],"collection":[{"href":"https:\/\/www.moulin-patrimoine-industriel.com\/index.php?rest_route=\/wp\/v2\/pages"}],"about":[{"href":"https:\/\/www.moulin-patrimoine-industriel.com\/index.php?rest_route=\/wp\/v2\/types\/page"}],"author":[{"embeddable":true,"href":"https:\/\/www.moulin-patrimoine-industriel.com\/index.php?rest_route=\/wp\/v2\/users\/1"}],"replies":[{"embeddable":true,"href":"https:\/\/www.moulin-patrimoine-industriel.com\/index.php?rest_route=%2Fwp%2Fv2%2Fcomments&post=623"}],"version-history":[{"count":14,"href":"https:\/\/www.moulin-patrimoine-industriel.com\/index.php?rest_route=\/wp\/v2\/pages\/623\/revisions"}],"predecessor-version":[{"id":797,"href":"https:\/\/www.moulin-patrimoine-industriel.com\/index.php?rest_route=\/wp\/v2\/pages\/623\/revisions\/797"}],"wp:attachment":[{"href":"https:\/\/www.moulin-patrimoine-industriel.com\/index.php?rest_route=%2Fwp%2Fv2%2Fmedia&parent=623"}],"curies":[{"name":"wp","href":"https:\/\/api.w.org\/{rel}","templated":true}]}}